nd 130?
130
Calculate the greatest common divisor of 19 and 707750.
19
Calculate the greatest common divisor of 12 and 13324.
4
What is the highest common factor of 89616 and 144?
48
Calculate the greatest common factor of 1656 and 70104.
552
What is the highest common divisor of 3553 and 893?
19
What is the highest common divisor of 4288 and 320126?
134
What is the greatest common factor of 63435 and 30?
15
What is the highest common divisor of 107215 and 7995?
205
What is the greatest common factor of 29920 and 1540?
220
Calculate the greatest common divisor of 56 and 6559.
7
Calculate the greatest common divisor of 20 and 1180.
20
What is the greatest common divisor of 17 and 41118869?
17
What is the greatest common factor of 8880 and 180?
60
What is the greatest common divisor of 1411 and 18509?
83
What is the greatest common factor of 4211138 and 3522?
1174
Calculate the greatest common factor of 464 and 10179.
29
What is the highest common factor of 1650 and 1661?
11
Calculate the highest common divisor of 135 and 1995.
15
Calculate the greatest common factor of 28638 and 16641.
387
What is the highest common divisor of 5329282 and 7?
7
Calculate the highest common factor of 967840 and 520.
40
What is the highest common divisor of 104 and 8192?
8
What is the greatest common divisor of 1930 and 164822?
386
Calculate the highest common divisor of 6804 and 1575.
63
What is the highest common divisor of 356 and 10137634?
178
What is the greatest common divisor of 30 and 4430?
10
What is the highest common factor of 13383 and 18?
9
What is the highest common factor of 2460724 and 4508?
644
Calculate the highest common divisor of 515 and 17735.
5
What is the greatest common factor of 5 and 491935?
5
Calculate the highest common divisor of 122 and 1622.
2
What is the greatest common divisor of 2108 and 366044?
68
Calculate the highest common factor of 176 and 317792.
16
What is the highest common factor of 34 and 2138?
2
Calculate the greatest common factor of 204519 and 21.
21
What is the highest common factor of 1068428 and 292?
292
Calculate the greatest common factor of 1440 and 3630.
30
Calculate the highest common factor of 136 and 597992.
136
Calculate the greatest common divisor of 20758 and 15194.
214
Calculate the greatest common divisor of 41550 and 100.
50
Calculate the greatest common factor of 189 and 861.
21
Calculate the greatest common divisor of 5859 and 371628.
837
Calculate the greatest common factor of 413963 and 22.
11
What is the highest common divisor of 1966 and 102?
2
Calculate the greatest common factor of 18666 and 4878.
18
What is the greatest common divisor of 45152 and 5440?
544
Calculate the highest common divisor of 136 and 10859566.
34
What is the greatest common divisor of 1 and 102253?
1
Calculate the highest common factor of 50484 and 252.
84
What is the highest common divisor of 11529 and 61?
61
What is the greatest common divisor of 4241477 and 43?
43
What is the greatest common factor of 9040 and 12995?
565
Calculate the highest common factor of 9269 and 37789.
713
What is the greatest common divisor of 930 and 90675?
465
What is the greatest common factor of 118 and 29784262?
118
What is the highest common divisor of 13959 and 7425?
297
Calculate the greatest common divisor of 25 and 52225.
25
What is the highest common divisor of 680001 and 42?
21
What is the highest common divisor of 3722000 and 8000?
2000
What is the highest common factor of 84 and 30891?
21
Calculate the greatest common divisor of 3345 and 35457.
669
Calculate the highest common factor of 14241 and 8787.
303
Calculate the highest common factor of 1003 and 2023.
17
What is the greatest common divisor of 444 and 1679652?
444
What is the greatest common factor of 56 and 80888?
8
Calculate the highest common divisor of 8 and 99560.
8
Calculate the highest common divisor of 1027 and 3638661.
1027
What is the greatest common factor of 162 and 1446?
6
What is the highest common divisor of 174 and 1866?
6
Calculate the greatest common divisor of 27782 and 1.
1
Calculate the highest common factor of 326716 and 793.
793
What is the greatest common factor of 504 and 350?
14
What is the highest common factor of 1587411 and 2724?
681
Calculate the highest common divisor of 351 and 64584.
351
Calculate the greatest common factor of 234 and 43264.
26
What is the greatest common divisor of 72268 and 238?
14
What is the greatest common factor of 3404 and 310132?
92
Calculate the highest common divisor of 207556 and 76.
76
What is the highest common factor of 7930 and 40?
10
What is the highest common divisor of 1134 and 343035?
567
What is the greatest common divisor of 466 and 133509?
233
What is the highest common divisor of 299904 and 8832?
384
Calculate the highest common divisor of 9078 and 102.
102
What is the highest common factor of 2405106 and 11?
11
What is the highest common factor of 3422 and 944?
118
Calculate the highest common factor of 1756322 and 114.
38
What is the greatest common factor of 65390 and 260?
130
What is the greatest common divisor of 79192 and 11462?
1042
What is the highest common factor of 40222 and 6426?
238
Calculate the highest common divisor of 817 and 23579.
19
What is the greatest common divisor of 62 and 2124740?
62
Calculate the highest common factor of 35690 and 3268.
86
What is the highest common factor of 6 and 2951094?
6
What is the highest common divisor of 660 and 52620?
60
What is the greatest common factor of 94608 and 74752?
1168
What is the greatest common divisor of 421250 and 674?
674
What is the greatest common factor of 32490 and 123975?
855
Calculate the greatest common divisor of 984380 and 664.
332
What is the greatest common divisor of 298 and 2344?
2
What is the greatest common divisor of 51590 and 2680?
670
What is the greatest common factor of 3635 and 205?
5
What is the highest common divisor of 1640 and 7407060?
820
Calculate the highest common factor of 590 and 1257290.
590
Calculate the highest common factor of 243 and 6759.
9
Calculate the greatest common factor of 2431 and 39.
13
Calculate the highest common factor of 3175 and 1215.
5
What is the greatest common divisor of 9420 and 10740?
60
Calculate the highest common divisor of 27970 and 170.
10
Calculate the greatest common factor of 140 and 89236.
28
Calculate the highest common factor of 3962 and 7308.
14
Calculate the highest common divisor of 35091 and 49.
7
Calculate the greatest common factor of 304 and 1410256.
304
Calculate the highest common divisor of 18025 and 10.
5
Calculate the greatest common divisor of 283 and 48393.
283
Calculate the greatest common factor of 102 and 28492.
34
What is the highest common factor of 788 and 20685?
197
What is the highest common divisor of 894 and 166880?
298
Calculate the greatest common divisor of 864 and 592.
16
Calculate the greatest common factor of 132886 and 1076.
538
What is the highest common factor of 19435 and 15?
5
What is the highest common divisor of 667435 and 145?
145
What is the highest common factor of 306459 and 27?
9
What is the greatest common divisor of 7592 and 16936?
584
What is the highest common factor of 725021 and 209?
209
Calculate the greatest common divisor of 15 and 241075.
5
Calculate the greatest common divisor of 14 and 16972.
2
What is the highest common factor of 102060 and 28431?
729
Calculate the greatest common factor of 828 and 17572.
92
Calculate the highest common factor of 1549 and 5766927.
1549
What is the highest common divisor of 1935 and 77787?
387
Calculate the greatest common divisor of 4 and 247438.
2
Calculate the highest common factor of 100 and 461875.
25
What is the greatest common divisor of 22545 and 45?
45
What is the highest common divisor of 2448 and 605676?
204
What is the greatest common divisor of 123 and 1422905?
41
Calculate the highest common factor of 40 and 46010.
10
Calculate the greatest common divisor of 3675711 and 307.
307
What is the highest common divisor of 795 and 72255?
15
What is the greatest common divisor of 367101 and 36?
9
What is the highest common factor of 93148 and 1798?
58
What is the highest common divisor of 39445 and 147?
49
What is the highest common factor of 32 and 7657256?
8
Calculate 